 11*p - 5 = 113 + 25. Calculate the highest common divisor of 9841 and p.
13
Let g = 41 + -26. Let t(y) = y**2 - 13*y - 27. Let x be t(g). Suppose n - 414 = -2*a, -123 = -a + x*n + 70. Calculate the highest common factor of 41 and a.
41
Let z = 31 + 50. Suppose 4*l + z = -47. Let v be (8/6 - 2)*3 - l. Calculate the highest common divisor of 24 and v.
6
Suppose 5*b - 12 = 3*s - 6*s, 8 = 2*b + 2*s. Suppose b = -14*y + 25 + 227. Let q be 1/((5/(-198))/(-5)). Calculate the greatest common factor of y and q.
18
Let j(d) = -d**2 - 5*d + 15. Suppose -6*s = 89 - 47. Let y be j(s). Let f be (y - (-7)/(-9)) + 70/9. Calculate the highest common divisor of f and 24.
8
Suppose 1156 = -2*o + 3*x, -2*o + 5*x = 597 + 559. Let k = o - -583. Calculate the highest common divisor of k and 3.
1
Let b = 435 + 6705. What is the highest common factor of b and 60?
60
Suppose -f + 164 = 4*u, 0 = 3*f - 2*u - 0*u - 478. Let t = 844150 - 844140. What is the greatest common factor of t and f?
10
Suppose 4*c - 5*m = 1596, 1197 = 44*c - 41*c - 3*m. What is the highest common factor of c and 483?
21
Let s = 33013 + -19391. What is the greatest common factor of s and 196?
98
Let v be (-49)/(-14)*4/7. Let r = 57 + v. Suppose -61*u + 32 = -r*u. Calculate the highest common factor of 16 and u.
16
Let a = 20 + -45. Let w be 1 + 57/5 - (-10)/a. Let l(u) = 3*u**3 + u**2 - u + 1. Let m be l(1). Calculate the highest common divisor of w and m.
4
Let g(r) = -12*r**3 + 2*r**2 + 8*r + 17. Let w be g(-2). What is the highest common divisor of w and 1155?
105
Let i(x) = -143*x - 104. Let m be i(-1). Calculate the greatest common divisor of 1625 and m.
13
Let r(p) = 3*p**2 - 11*p - 7. Let a(h) = h**2 + 29*h - 91. Let x be a(-32). Let t be r(x). Calculate the greatest common divisor of 65 and t.
13
Let g be (-56)/(-140) + (-88)/(-5). Let s be (531/(-6))/(10/(-120)). What is the greatest common divisor of g and s?
18
Let l = -6962 - -7065. What is the greatest common factor of 12257 and l?
103
Let q be (33/12 - 2)*(-43952)/(-246). Suppose -3015 = 2*z - 7*z. What is the highest common factor of z and q?
67
Let k = 7 - -81. Let n(z) = -124*z + 1372. Let m be n(11). What is the greatest common factor of m and k?
8
Let w be 14/35 - ((-72592)/(-20))/4. Let n = w - -943. What is the greatest common factor of n and 342?
18
Let z be ((-9)/((-9)/2))/2. Suppose 0*m = 2*m + k - z, 5*k + 5 = -5*m. Suppose -7*u + 195 = -m*u. Calculate the highest common divisor of u and 78.
39
Suppose 198 = 16*f - 13*f. Let l = f - -36. Let h be -1 + 4 - (-112)/8. What is the greatest common factor of l and h?
17
Let s = -515 - -527. Suppose -21 = -3*t + 9*d - s*d, -5*d = -4*t + 19. Calculate the highest common factor of 54 and t.
6
Let v(d) = d**2 + 9*d - 35. Suppose -20 = 2*i + 2*y, 0 = -15*y + 10*y + 25. Let j be v(i). What is the greatest common factor of j and 99?
11
Let x(u) = 8*u - 6. Let z be x(5). Suppose -18*c = -253 - 53. Let i = z + c. Calculate the greatest common divisor of 3 and i.
3
Let c = 403 + -248. Let h = c + -145. Calculate the greatest common factor of 10 and h.
10
Let t be 3/(-4) - 214/(-8). Let d = 1513 + -1279. Calculate the greatest common divisor of t and d.
26
Suppose 0 = 2*b + 2, -4*q - 3*b = -3*q + 3. Suppose 2*a - a - 9 = q. Calculate the greatest common factor of a and 99.
9
Let x(h) = -6*h**3 - 8*h**2 + 23*h + 135. Let s be x(-5). Suppose 0 = 2*n + 2*t - 52, -n + 22 = t + t. What is the greatest common divisor of n and s?
30
Let s(x) = 17*x - 242. Let f be s(14). Let y be 250/6 + 5/(-60)*f. Calculate the highest common divisor of 28 and y.
14
Let m be (-135)/25*(33/(-9) - 3). Suppose 0 = -14*d + 176 - m. Let p(t) = t**2 - t + 80. Let s be p(0). What is the highest common divisor of s and d?
10
Suppose -5*k - 3*s + 5609 + 8161 = 0, k = s + 2754. Calculate the greatest common factor of 102 and k.
102
Let i be -6*5*(-1386)/180. What is the highest common divisor of 105 and i?
21
Let k(b) be the first derivative of 2*b**3/3 + 21*b**2/2 - 44*b - 54. Let g be k(-19). What is the highest common factor of g and 62?
31
Let l be ((-1)/((-3)/9) + -4)*30. Let x be l/8 + (28/16 - 1). Let i be 25 + 0 + 0/x. Calculate the greatest common factor of 25 and i.
25
Let b(l) = -2*l - 11. Let n be b(11). Let o = n + 41. What is the highest common divisor of 56 and o?
8
Suppose -336 = 42*d - 89*d - 37*d. Suppose -3*f + 319 = -269. Calculate the greatest common divisor of d and f.
4
Let c(g) = -g**2 - 9*g - 1. Let n be c(-8). Suppose -5*h + 1005 = -0*h. Let o be h/7 - (-2)/n. Calculate the greatest common divisor of 87 and o.
29
Let j = 21625 + -21618. Let p = -54 + 82. Suppose 0 = 2*b - 6*b + p. What is the highest common divisor of j and b?
7
Let l = -13059 - -13191. What is the highest common divisor of l and 759?
33
Suppose -3*v + 1672*b - 1671*b = -557, v + 2*b = 195. What is the greatest common factor of 782 and v?
17
Suppose -2*d + 3*a = 143 + 259, 3*d = 3*a - 597. Let m = -85 - d. Suppose 45 = 4*u + 5. Calculate the greatest common factor of u and m.
10
Let b be -26*(-4)/(5 + -1). Let p be 56 - ((-15)/(-4) + (-2)/(-8)). Calculate the greatest common divisor of b and p.
26
Suppose -f - 13*f = -3*v + 15, 0 = v - 4*f - 5. Calculate the highest common divisor of v and 395.
5
Suppose -4*v = -580 - 572. Let o = 19282 + -19250. What is the highest common divisor of v and o?
32
Let l be (-1640)/(-16)*(3 - (0 - -1)). Let b = -90 + l. Suppose d - 5*j = 48, 3*d - 2*d - 2*j - 33 = 0. Calculate the highest common factor of d and b.
23
Let x = 8 - -18. Suppose -k + 24 = -s, -6*k - 250*s + 158 = -249*s. Calculate the highest common divisor of k and x.
26
Let o = 3299 + -869. What is the greatest common factor of 90 and o?
90
Suppose 2*n = -4*z - 0*n + 154, -3*z = -n - 123. Let d be 1*1*(-3 - -6). Let w = d - -2. What is the greatest common divisor of w and z?
5
Suppose 61546 = -153*z + 221278. Calculate the greatest common factor of z and 1624.
116
Suppose -4*k - 5*p + 627 = -2*k, -p = -3. Let h = -302 + k. What is the highest common factor of h and 5?
1
Let g be 108/5 - (-2 + (-63)/(-105)). What is the greatest common factor of g and 207?
23
Let b be 23 + (-11 + -7 - -9127). What is the greatest common divisor of 24 and b?
12
Suppose 278*y + 880 = 4*w + 283*y, -w = -5*y - 245. Calculate the highest common divisor of 12675 and w.
75
Let x = -30 - -111. Suppose 7*y + 5*m - 388 = 0, -6 = 3*y + 3*m - 174. What is the greatest common divisor of x and y?
27
Let c(p) = -3*p**3 - p + 6. Let k = 219 + -222. Let s be c(k). What is the greatest common factor of s and 40?
10
Let j be -2 + 2 - (-1 + 1 - 1839). Suppose j = 6*x + 321. Calculate the greatest common divisor of x and 23.
23
Suppose 4 = h - 0*h. Suppose -33 - 35 = -34*k. Suppose h*a - 39 = -5*r + 155, 4*a + k*r = 200. What is the greatest common factor of a and 34?
17
Suppose 0 = 4*j - 3*x - 166, -13*j + 18*j - 2*x - 204 = 0. Calculate the highest common divisor of j and 2090.
10
Let m(t) = 17*t**2 + 171*t - 1250. Let y be m(8). What is the highest common factor of 198 and y?
18
Let h(t) = -t**3 - 12*t**2 - 8*t + 7. Let m be h(-11). Let r be (780/m)/(6/(-9)). Calculate the greatest common divisor of r and 1.
1
Let k(u) = 97*u - 1723. Let s be k(26). Calculate the highest common divisor of s and 238.
17
Let j be (-14)/(4/2)*-2. Let n = -102614 + 102894. What is the highest common divisor of n and j?
14
Suppose 18*j - 1566 = 9*j. Calculate the greatest common divisor of 406 and j.
58
Suppose 242*m = 109*m + 12236. What is the highest common divisor of m and 391?
23
Let p be 0/(-11 + 2) + 1 + 105. Calculate the greatest common factor of 2173 and p.
53
Suppose -3*f = 2*g - 45, g + 1 = 4*f - 59. Suppose 0 = -13*d + 12*d + 6. Calculate the greatest common factor of d and f.
3
Let q = 1845 - 1828. What is the greatest common divisor of 1309 and q?
17
Let f = 1151 - -6. Suppose -13*o = -16*o + 2*m + 47, -5*o = -5*m - 85. What is the greatest common factor of o and f?
13
Let p = 5126 - 5124. What is the highest common divisor of 119 and p?
1
Let u be 1190/6 - (-3)/(-9). Let a = -29 - -36. Suppose -4*y + 3*o = -82, a*y - 5*o = 3*y + 78. What is the highest common factor of u and y?
22
Suppose 311 + 71 = 382*x. Calculate the highest common factor of x and 787.
1
Let s(k) = -2